 - 18*b + 14. Let d be s(-7). Calculate the greatest common divisor of 27 and d.
27
Let d be 27/6 + (-1)/2. Suppose n - d*n - 4*a + 34 = 0, 4*n + 4*a = 44. Calculate the highest common divisor of n and 55.
5
Let b be (65 - -5)*(7 - -1). Calculate the greatest common divisor of 112 and b.
112
Suppose 0 = -2*m - 10, 5*r + m - 670 = -0*m. What is the highest common divisor of r and 15?
15
Let v(r) = r**3 - 11*r**2 + 2*r - 14. Let t be v(12). Suppose 5*b = -6*b + t. Calculate the highest common factor of 14 and b.
14
Let u(g) = -g**2 - 2*g + 8. Let v be u(6). Let c = 57 + v. What is the greatest common factor of 136 and c?
17
Suppose o - 21 - 4 = 0. Suppose 0 = -29*d + o*d + 80. Calculate the highest common factor of 20 and d.
20
Let u(s) be the first derivative of s**3/3 + 5*s**2/2 + 3*s + 24. Suppose -9 = k - 4. Let r be u(k). Calculate the highest common factor of 33 and r.
3
Let p(v) = -v + 25. Let n be p(11). Let k(r) be the second derivative of 13*r**3 - r**2 + r. Let f be k(2). What is the highest common divisor of f and n?
14
Suppose z = -1 + 9. Let t be 2/12*(-45)/6*-36. Suppose t - 5 = v. What is the greatest common divisor of v and z?
8
Suppose -1425 = -15*a + 720. Suppose 4*n - 50 = 3*k, -n - k + 3 = 3*k. What is the highest common divisor of a and n?
11
Suppose 6*s + 2*s = 192. Let r be (-18)/(-15)*(-10)/4. Let u be (r + 7/3)*-18. What is the highest common divisor of s and u?
12
Let i be 64/(-112)*14/12*-30. Suppose 4*t = 1 + 7, 3*t = 3*a - 294. Calculate the greatest common factor of a and i.
20
Let s = -914 - -1382. Let b be (66/18)/(-11) + 157/3. What is the greatest common divisor of b and s?
52
Let f = 147 - 72. Suppose 158*q = 151*q + 105. Calculate the highest common factor of q and f.
15
Suppose 0 = -4*j - 3*p + 109, j - 2*p = 2*p + 13. Let u = -5 + j. Calculate the highest common divisor of 10 and u.
10
Let b(u) = -17*u**3 + u**2 + u + 2. Let m(x) = -x**3 - 21*x**2 - 20*x - 2. Let j be m(-20). Let n be b(j). Calculate the greatest common divisor of 20 and n.
20
Suppose -4*m + 132 = 36. Let f(n) = 2*n**2 - 10*n + 8. Let w be f(13). What is the greatest common factor of w and m?
24
Suppose -6*s = -5*s - 4. Let z be 12/16 - (-6)/(-8). Suppose z*g + 4 = g. What is the highest common divisor of g and s?
4
Let t(h) = -h + 1. Let x(f) = -f**2 - 10*f + 13. Let a(q) = -3*t(q) + x(q). Let n be a(-6). Calculate the highest common divisor of n and 48.
16
Let w be ((-180)/8)/3*-4. Let z be 8*2*(-15)/w. Let v(q) = -2*q - 1. Let a be v(z). Calculate the highest common factor of 45 and a.
15
Let a be 3 - (6/15 - (-4114)/(-110)). Let v(f) = f**2. Let c be v(-4). What is the greatest common factor of c and a?
8
Let d(a) = 10*a**2 + a - 4. Let t be d(4). Let f(v) = v**2 - 6*v - 35. Let z be f(11). What is the highest common factor of z and t?
20
Let j be ((-10)/6 - -1)*-3. Let l be j*(-4)/(-8)*-2. Let y(p) = -p**3 + 2*p**2 + p + 2. Let o be y(l). What is the greatest common divisor of o and 80?
16
Let f = 6 + -6. Suppose -3*m + f*m + 504 = 0. Suppose m = 5*z - 3*l, -z + 4*z - 94 = -5*l. What is the highest common factor of z and 3?
3
Suppose -20*h - 35 = -15*h. Let t be 3/h + 48/(-84). Let i be t + 2 + (348 - -3). What is the highest common divisor of i and 32?
32
Let t = -54 + 68. What is the highest common divisor of t and 98?
14
Let r be ((-15)/(-6))/(-5)*0. Suppose b + 0 - 1 = r. Suppose 3*v - b = 4*o + 147, 0 = v + 4*o - 28. What is the greatest common divisor of v and 66?
22
Let v(x) = 3*x**2 + 7*x + 5. Let c be v(-5). Let h be -1*(-2 + 10 - 13). What is the greatest common factor of h and c?
5
Let g(c) = 105*c - 32 - 57*c - 53*c. Let x be g(-10). Suppose -p - p = 2*i - 88, 2*p + 182 = 4*i. What is the greatest common divisor of i and x?
9
Let r be (1 - -29)*(-7)/14. Let o be 0/r + 16/(-2). Let q = o - -21. Calculate the greatest common divisor of 13 and q.
13
Let a = 193 + -165. What is the greatest common factor of a and 182?
14
Suppose 2985 = 41*x - 4682. Calculate the highest common factor of 22 and x.
11
Let a(d) = d**2 - 5*d + 13. Let n be a(5). Suppose -t + n = 3. Calculate the highest common factor of t and 30.
10
Let r(d) = 13*d**2 + 3*d - 12. Let q be r(2). Let m = 56 - q. Let x(c) = 8*c. Let a be x(5). What is the highest common divisor of m and a?
10
Let z(a) = -2*a - 39. Let m be z(-26). Let n = 38 + -12. Calculate the greatest common divisor of n and m.
13
Let k = 1 + 0. Let g be k*-27*(6 + -7). Suppose m + 2*m = g. What is the highest common factor of 18 and m?
9
Suppose -i - 53 = -820. Calculate the greatest common divisor of i and 118.
59
Suppose 5*j + 5*f - 101 - 49 = 0, f = -3*j + 80. Calculate the greatest common divisor of j and 25.
25
Let f(n) = n**3 + 10*n**2 + 6*n + 125. Let q be f(-10). What is the highest common divisor of 247 and q?
13
Let i = 32 + -54. Let k = 22 + i. Suppose b - 3 + 2 = k. What is the highest common divisor of b and 8?
1
Suppose -5*i - 132 = -n, 43*n - 39*n = -5*i + 478. What is the highest common factor of n and 305?
61
Let l be 18 - (2 - 1 - 1). Let s = l - 12. Let u be (1/(-3))/(2/(-36)). What is the greatest common divisor of s and u?
6
Let w = -3 + 7. Suppose -2*g + 6 = 0, w*j - g - 5 = -0. Let v(o) = 3*o**2 + 5*o - 1. Let t be v(j). What is the highest common factor of 63 and t?
21
Let y(w) = 25*w**2 + w. Let v = 8 - 9. Let h be y(v). Calculate the highest common factor of h and 264.
24
Let a(d) = d - 2. Let t be a(1). Let r(g) = -62*g**3 + 3*g**2 + 2*g. Let f be r(t). What is the highest common divisor of f and 9?
9
Let u be 148/28 + (-2)/7. Suppose -2*v = -u*q + 176, 8*v + 188 = 5*q + 12*v. Calculate the greatest common divisor of q and 126.
18
Let x be (-2)/(-5) + 193/5. Let v = 9 + -13. Let k = v + 17. Calculate the greatest common factor of k and x.
13
Suppose -33*l + 51*l = 882. What is the highest common factor of l and 392?
49
Let m be -10*(18648/80)/(-37). Suppose -3*y - 7 = -1, 14 = 5*i - 2*y. Suppose x = -i*x + 27. What is the greatest common divisor of m and x?
9
Suppose t + 6 = 14. Suppose -7*m = t - 22. What is the highest common factor of 14 and m?
2
Suppose -3964 + 6208 = 11*i. Let h be ((-54)/(-15))/((-6)/(-20)). Calculate the greatest common factor of h and i.
12
Suppose 2*i = o - 166, 0 = 5*o + 3*i - 573 - 205. Suppose o = z + 59. Let c = -21 - -32. What is the greatest common factor of c and z?
11
Let o = -261 + 558. Calculate the greatest common factor of o and 54.
27
Let c be (-3)/7 + 152/28. Suppose c = u + 19. Let k = -13 - u. What is the greatest common divisor of k and 7?
1
Suppose 7 = -8*m + 127. Calculate the greatest common divisor of 15 and m.
15
Let n(q) = 9 + 2*q + 16 - 2*q + q. Let d be n(-5). What is the greatest common divisor of d and 30?
10
Let u = 1048 + -886. What is the highest common divisor of u and 72?
18
Suppose -2*r + 72 = r - 3*p, 0 = 4*p + 20. Let c be (8 - r)/(1/(-7)). Suppose 4*j - 20 = 24. Calculate the highest common divisor of c and j.
11
Suppose -1 = -b + 1. Let h(g) = -37 - 32 - 39 + 17*g + 110. Let f be h(b). What is the greatest common factor of f and 24?
12
Let m = -277 - -358. Calculate the highest common factor of 216 and m.
27
Suppose 0*w + v - 48 = w, v = 2*w + 95. Let p(k) = -2*k**3 - 5*k**2 + 4*k - 9. Let h be p(-5). Let i = w + h. What is the greatest common factor of i and 7?
7
Let k(n) = 2*n**2 - 18*n + 14. Let a be k(8). Let h(d) = 3*d**2 + 6*d + 5. Let t be h(a). What is the highest common divisor of t and 45?
5
Suppose 2603 = 27*n + 1874. Suppose -108 = -2*b - 0*b. Calculate the highest common factor of n and b.
27
Suppose 31*k + 370 = 5578. Calculate the greatest common factor of 84 and k.
84
Let r = -1846 - -1852. Suppose 0 = -5*y - 29 - 11. Let w be (-290)/y + (-2)/8. Calculate the highest common divisor of r and w.
6
Let r(h) = h**3 + 6*h**2 + 2*h - 5. Let w be r(-4). Suppose 0*d - 5*d = 0. Suppose d*i - i = -w. What is the greatest common factor of 152 and i?
19
Suppose 4*s - 212 = 2*r, 2*r - 4 - 54 = -s. Let q = s + -32. Calculate the greatest common factor of 44 and q.
22
Suppose -5*r - 2 = -12. Suppose -3*t - r*t = 2*y - 10, 3*t + 4*y = 6. Let a = -3 + 6. Calculate the greatest common factor of a and t.
1
Let b(g) = 4*g + 17. Let q be b(-8). Let r be (5/(-2))/(-1)*(-66)/q. What is the greatest common facto